of 329317537?
329317537
What are the prime factors of 109487052?
2, 3, 37547
List the prime factors of 145113143.
7, 263, 78823
What are the prime factors of 7568494182?
2, 3, 29, 14499031
What are the prime factors of 17408408?
2, 17, 19, 6737
List the prime factors of 4270807195.
5, 854161439
What are the prime factors of 376994577?
3, 29, 1823, 2377
What are the prime factors of 2100347774?
2, 7, 31, 239, 20249
What are the prime factors of 2113716?
2, 3, 11, 67, 239
List the prime factors of 2618715567.
3, 13, 349, 421, 457
What are the prime factors of 285312950?
2, 5, 13, 109, 4027
List the prime factors of 3130258470.
2, 3, 5, 5689, 18341
List the prime factors of 713585454.
2, 3, 118930909
What are the prime factors of 37293336?
2, 3, 37, 13999
List the prime factors of 87900989.
11, 7990999
List the prime factors of 2427714516.
2, 3, 211, 311, 3083
List the prime factors of 20560335.
3, 5, 89, 15401
What are the prime factors of 906551381?
906551381
List the prime factors of 145388767.
263, 552809
List the prime factors of 69957149.
421, 166169
What are the prime factors of 2284278523?
5153, 443291
What are the prime factors of 62378159?
19, 29, 113209
What are the prime factors of 566392454?
2, 283196227
List the prime factors of 1337621752.
2, 29, 5765611
List the prime factors of 26811539.
26811539
List the prime factors of 24697422.
2, 3, 1372079
What are the prime factors of 304577403?
3, 13, 2213, 3529
List the prime factors of 16847131.
7, 49117
What are the prime factors of 252663686?
2, 11, 11484713
What are the prime factors of 3701258?
2, 11, 37, 4547
What are the prime factors of 776426985?
3, 5, 23, 250057
What are the prime factors of 52384205?
5, 83, 126227
What are the prime factors of 355291589?
31, 163, 70313
List the prime factors of 51180273.
3, 29, 157, 1249
List the prime factors of 14593820.
2, 5, 17, 42923
What are the prime factors of 4708460912?
2, 67, 4392221
List the prime factors of 16014939.
3, 5338313
List the prime factors of 101661334.
2, 23, 2210029
List the prime factors of 4207889682.
2, 3, 19, 97, 42281
What are the prime factors of 2695355?
5, 13, 41467
List the prime factors of 314047788.
2, 3, 26170649
What are the prime factors of 96261409?
53, 1816253
What are the prime factors of 12766121?
12766121
What are the prime factors of 120075667?
173, 694079
What are the prime factors of 36372164?
2, 71, 89, 1439
List the prime factors of 234640670.
2, 5, 11, 2133097
List the prime factors of 852419838.
2, 3, 19, 37, 179, 1129
What are the prime factors of 52644168?
2, 3, 137, 593
List the prime factors of 12764972.
2, 11, 290113
List the prime factors of 6243555.
3, 5, 29, 31, 463
What are the prime factors of 1924728576?
2, 3, 17, 19, 7759
What are the prime factors of 37994276?
2, 9498569
List the prime factors of 239822393.
2357, 101749
What are the prime factors of 1685270547?
3, 101, 181, 10243
What are the prime factors of 3619129220?
2, 5, 7, 1409, 2621
What are the prime factors of 89538492?
2, 3, 347, 21503
List the prime factors of 1436161630.
2, 5, 23, 97, 64373
List the prime factors of 14457676.
2, 37, 97687
What are the prime factors of 394324072?
2, 199, 247691
What are the prime factors of 30594691?
197, 155303
What are the prime factors of 40722145?
5, 8144429
What are the prime factors of 395465731?
37, 59, 181157
What are the prime factors of 192895062?
2, 3, 1321, 24337
What are the prime factors of 38438114?
2, 11, 13, 134399
List the prime factors of 1067075425.
5, 13, 163, 20143
What are the prime factors of 765530066?
2, 7, 79, 692161
What are the prime factors of 17138952?
2, 3, 26449
What are the prime factors of 24476098?
2, 41, 421, 709
List the prime factors of 304409814.
2, 3, 43, 1179883
What are the prime factors of 109228858?
2, 43, 1270103
What are the prime factors of 1783362161?
7, 254766023
List the prime factors of 2861738585.
5, 47, 12177611
List the prime factors of 89560490.
2, 5, 19, 24809
List the prime factors of 459702749.
11, 1283, 32573
List the prime factors of 304919895.
3, 5, 7, 414857
List the prime factors of 606560878.
2, 7, 11, 3938707
List the prime factors of 57345141.
3, 7, 23, 2423
List the prime factors of 1738825989.
3, 37, 15665099
What are the prime factors of 33374783?
13, 167, 15373
What are the prime factors of 1782689917?
10589, 168353
What are the prime factors of 248763851?
7, 41, 379, 2287
What are the prime factors of 1548738293?
1548738293
What are the prime factors of 3191518115?
5, 3463, 184321
What are the prime factors of 290525746?
2, 7, 20751839
What are the prime factors of 25226839?
11, 29, 31, 2551
List the prime factors of 333341752.
2, 383, 108793
What are the prime factors of 988262676?
2, 3, 193, 142237
What are the prime factors of 30325226?
2, 691, 21943
What are the prime factors of 1926293734?
2, 41, 23491387
List the prime factors of 607694859.
3, 22507217
What are the prime factors of 511310190?
2, 3, 5, 17, 1002569
List the prime factors of 396512002.
2, 11827, 16763
What are the prime factors of 3193924377?
3, 7, 19, 8004823
List the prime factors of 6882548.
2, 89, 19333
List the prime factors of 147597419.
317, 353, 1319
What are the prime factors of 875600122?
2, 13219, 33119
List the prime factors of 283424475.
3, 5, 31, 139, 877
List the prime factors of 1203509154.
2, 3, 7589, 26431
List the prime factors of 38192792.
2, 11, 434009
List the prime factors of 252345767.
359, 702913
List the prime factors of 151527660.
2, 3, 5, 19, 61, 2179
List the prime factors of 1403844969.
3, 73, 6410251
List the prime factors of 20125432.
2, 311, 8089
What are the prime factors of 70948616?
2, 17, 29, 17989
What are the prime factors of 26274967?
19, 1382893
List the prime factors of 99404888.
2, 11, 103, 997
What are the prime factors of 127081033?
127081033
What are the prime factors of 192889736?
2, 13, 1854709
List the prime factors of 251176034.
2, 661, 189997
What are the prime factors of 500643962?
2, 7, 13, 2750791
What are the prime factors of 1084378399?
13, 83413723
List the prime factors of 1270120319.
13, 97701563
List the prime factors of 780941024.
2, 83, 294029
List the prime factors of 679864764.
2, 3, 19, 61, 48883
What are the prime factors of 3633402491?
3633402491
List the prime factors of 3888055628.
2, 73, 13315259
List the prime factors of 990381638.
2, 53, 9343223
What are the prime factors of 224110058?
2, 359, 457, 683
List the prime factors of 2477854424.
2, 29, 10680407
What are the prime factors of 300410203?
300410203
What are the prime factors of 127779974?
2, 7, 29, 347, 907
List the prime factors of 39903020.
2, 5, 37, 53923
What are the prime factors of 120654314?
2, 11, 5484287
List the prime factors of 1816243747.
199, 9126853
List the prime factors of 228956043.
3, 71, 503, 2137
List the prime factors of 53752031.
5393, 9967
List the prime factors of 69052229.
69052229
List the prime factors of 690360081.
3, 230120027
List the prime factors of 806128473.
3, 10103, 26597
List the prime factors of 43454699.
43454699
What are the prime factors of 376090042?
2, 1559, 120619
List the prime factors of 1390561934.
2, 695280967
List the prime factors of 920552353.
7, 113, 1163783
List the prime factors of 6967776.
2, 3, 181, 401
What are the prime factors of 100792094?
2, 13, 3876619
List the prime factors of 1178653004.
2, 359, 820789
List the prime factors of 57694247.
13, 4438019
List the prime factors of 45426804.
2, 3, 67, 56501
List the prime factors of 1034000321.
1034000321
What are the prime factors of 6785766829?
79633, 85213
What are the prime factors of 1171817268?
2, 3, 29, 3367291
What are the prime factors of 4680046989?
3, 520005221
List the prime factors of 56935237.
56935237
List the prime factors of 92759729.
19, 43, 113537
List the prime factors of 1870273654.
2, 4003, 233609
What are the prime factors of 21842765?
5, 7, 37, 101, 167
What are the prime factors of 697156134?
2, 3, 116192689
What are the prime factors of 4244817668?
2, 7, 13, 1665941
List the prime factors of 1142795039.
1142795039
List the prime factors of 2658126678.
2, 3, 41, 541, 19973
What are the prime factors of 1967857596?
2, 3, 54662711
List the prime factors of 1049397970.
2, 5, 311, 3374